 q be k(a). Suppose v = -5*n + 28, -q*v + 140 = 2*n + 2*n. Is 12 a factor of v?
False
Suppose 2*o = 6, 3*x + 2*o - 26 = -2*x. Let l be 4/2 + 9/(-90)*-10. Suppose -l*z + 289 = -4*n, -x*z = -0*z + 5*n - 406. Does 16 divide z?
False
Suppose 83*t = 104*t - 19173. Is 40 a factor of t?
False
Let d(r) = r + 2. Let p(w) = -2*w - 5. Let h(u) = -7*d(u) - 4*p(u). Is 4 a factor of h(11)?
False
Let w = -153 + 736. Is 11 a factor of w?
True
Let p be 1 - 1 - (1 - -16). Let s = 61 + p. Suppose z - s = -3*a, 3*a + 4 = 2*a. Does 21 divide z?
False
Suppose -2*y + 10 = -4*z, -3*y + 8 = y - 4*z. Let h(n) = 17*n + 208. Let k be h(-11). Does 7 divide 3 - y*k - 0?
False
Let y = -46 - -57. Suppose -n + 11 + y = 0. Is n a multiple of 4?
False
Let c(r) = 12*r**2 - 170 + 81 + 86 - r. Is 17 a factor of c(3)?
True
Suppose -2*s + 5656 = -3*w, 5*s - 10396 = 5*w + 3744. Does 101 divide s?
True
Let s(b) = -2*b**3 + 36*b**2 + b + 12. Let m(z) = z**3 - 18*z**2 - z - 6. Let a(l) = -5*m(l) - 2*s(l). Is 15 a factor of a(18)?
True
Let t be ((-32)/(-28))/((-2)/(-7)). Suppose 5*c - 2*l = 2*l - 349, -l + 277 = -t*c. Is 17 a factor of 5/(-10) - c/2?
True
Let w(b) = 337*b + 214. Is 61 a factor of w(3)?
False
Let s(r) = 59*r**3 + 4*r**2 - 14*r + 20. Is s(2) a multiple of 6?
True
Suppose -o + v + 11 = o, 5*o = -4*v + 21. Suppose 3*b + b = 5*x - 75, o*x = 3*b + 75. Is (-12)/x*1*-5 a multiple of 3?
False
Let i be 840/9 + 4/6. Let f be (3/1)/(2/i). Suppose 4*u - f - 75 = 0. Is u a multiple of 21?
False
Let n = 76 + -87. Let d(c) = c**3 + 11*c**2 - 9*c + 9. Does 18 divide d(n)?
True
Suppose 105*h = a + 103*h - 946, 0 = -h. Does 12 divide a?
False
Suppose 5*q - 2*q = -6. Let p(a) = 3*a**2 - a - 6. Does 8 divide p(q)?
True
Suppose -2*c + 4*c - 5*a = 448, -4*a = 3*c - 695. Does 77 divide c?
False
Suppose -4*t - 194 = -834. Suppose -2*h - 3*h + t = 0. Does 8 divide h?
True
Suppose 9*m - 24 = 3*m. Let j(z) = z**3 - 4*z**2 + 2*z + 1. Is j(m) a multiple of 9?
True
Let o = -25 - -60. Let z = o + -19. Does 4 divide z?
True
Let k(i) = i**3 - 20*i**2 - i + 20. Let m be k(20). Suppose 5*u + 244 = 4*d, 2*u + 2*u - 16 = m. Is d a multiple of 33?
True
Suppose -10*m + 3526 = -2054. Is m a multiple of 93?
True
Let u(d) = d**3 + 6*d**2 - 4*d + 8. Let m = 16 + -11. Suppose -m*g = 4*z + 42, 5 = 2*g + 2*z + 23. Does 16 divide u(g)?
True
Suppose z = 6*z. Suppose 0*t - 121 = -t + 3*x, -2*t + 5*x + 244 = z. Let b = -70 + t. Is 17 a factor of b?
False
Let w be (-16)/(-8) + (4 - 2). Suppose 0 = 4*d - 5*j + 369 - 974, 601 = w*d - j. Suppose -5*p - 4*f + d = 0, -2*p + 79 = 2*f + 17. Is 18 a factor of p?
False
Suppose -115*l - 5440 = -125*l. Is l a multiple of 17?
True
Suppose -5681 = -34*c + 2649. Is c a multiple of 36?
False
Let r = 6 + -12. Let p be (-1202)/(r/(-3)) - 2. Is p/(-12) - (-12)/16 a multiple of 18?
False
Let s(j) = 2*j**3 - 4*j**2 + 4*j + 2. Let y(g) = -g**3 - g**2 - g - 1. Let w(t) = -s(t) - y(t). Let h be w(4). Suppose -300 = -8*c + h*c. Is c a multiple of 20?
True
Suppose 3*t - 963 - 291 = -4*s, 3*s = -4*t + 937. Does 15 divide (5 - 4)*s/3?
True
Let a(z) = -4*z**2 + 10*z + 9*z**3 - 6*z**3 - 4*z**3 - 2 + 11. Is 7 a factor of a(-6)?
True
Let b(s) = s**2 - 2*s + 431. Let p be b(0). Let o = -200 + p. Is 12 a factor of o?
False
Let j = -85 + 71. Let m = j + 17. Is m a multiple of 3?
True
Let y(f) = -f**3 + 3*f**2 + 3. Let b be y(3). Suppose -2*a = -4, -6 = -b*q + a + 292. Is 20 a factor of q?
True
Let u be (8/4 - 1) + -9. Let d = u + 2. Is 12 a factor of ((-3)/d)/(1/120)?
True
Let b(m) = -m**2 - m + 81. Let q(t) = -t**2 - t + 80. Let l(u) = -3*b(u) + 4*q(u). Is 9 a factor of l(0)?
False
Let a be 12112/(-26) + (-4)/26. Let s = -296 - a. Does 34 divide s?
True
Does 16 divide 330 - 11/(33/(-2))*-9?
False
Let i = 1444 + -858. Is 40 a factor of i?
False
Let s = 142 - 71. Let c = 222 - s. Is 16 a factor of c?
False
Let a = -90 + 262. Is 3 a factor of a?
False
Let t be (-17)/(-4) - 1/4. Let h(a) = 4*a**3 + 3*a**2 + 5*a + 3. Let n be h(-1). Does 17 divide 49 + t + 1 + n?
True
Suppose r - 143 = 4*a - a, -5*r = 4*a + 197. Let w = 46 - -82. Let f = w + a. Does 20 divide f?
True
Let h(b) be the second derivative of -5*b**3/3 - 2*b**2 + 5*b. Let y be h(6). Let u = -43 - y. Is 8 a factor of u?
False
Suppose g - 35*k = -32*k + 2631, 5*g = -k + 13155. Is 10 a factor of g?
False
Let t(r) = -22*r**3 + r**2 - r. Let p be t(1). Let k = -19 - p. Suppose 2*h + k*c - 128 = -2*c, 3*h + 3*c - 192 = 0. Is h a multiple of 19?
False
Let l = 2582 - 1383. Does 19 divide l?
False
Let h(v) = -10*v - 14. Suppose 0 = -4*z + 7*z + 12. Let x be h(z). Suppose -t = 5*f - 32, -x = -3*f - t - 3*t. Is 3 a factor of f?
True
Let v be (368/(-3))/((-7)/21). Suppose 5*x - v = -4*z, -x + 520 - 136 = 4*z. Suppose 3*j = 5*s + z, -j + s + 12 + 19 = 0. Does 25 divide j?
False
Suppose -46 = -5*g - 6. Let v be 18/g + 15/20. Suppose v*d + 81 = 6*d. Is d a multiple of 7?
False
Let b(f) be the second derivative of f**5/4 + f**4/6 + 2*f**3/3 - 2*f**2 + 3*f + 1. Is b(3) a multiple of 16?
False
Suppose -4*b - 234 = -5*l, 2*b + 2*b - 180 = -4*l. Suppose 8*h = l + 98. Does 5 divide h?
False
Let p(q) = 61*q + 42. Is 59 a factor of p(14)?
False
Suppose -105*c = -97*c - 768. Does 8 divide c?
True
Let r = -5 - -8. Let s be (-1)/r + (-60)/(-18). Does 16 divide s/(-15) - (-362)/10?
False
Let i = -31 - -66. Is i a multiple of 5?
True
Let d(x) = 2*x**2 - 7*x + 4. Let g be d(4). Let n = g - -2. Suppose 0 = -a + 14 + n. Does 24 divide a?
True
Let i = 5 + -3. Suppose 5*q - i*q = 9. Suppose 0 = q*d - 2*l - 67, 0 = -d - 2*d - 4*l + 37. Is 18 a factor of d?
False
Let d = 2790 - -432. Is 22 a factor of d?
False
Let w = -8 - -11. Suppose -w*t + 3*f + 15 = 0, -8 + 0 = -2*t + f. Suppose t = m - 29. Does 18 divide m?
False
Let c = -69 + 155. Let m = -61 + c. Is m a multiple of 12?
False
Let n(t) = 12*t - 7. Let f be n(4). Suppose -4*r + f = 5*p + 4, -2*p + 24 = -3*r. Suppose -p - 3 = -4*i. Is i a multiple of 3?
True
Suppose 2 = -3*q - 4. Does 17 divide 2840/56 + q/(-7)?
True
Suppose -6 = -8*l - 38. Is 22 a factor of 91 + (l - (1 + -2))?
True
Let w be 3/6*5*2. Suppose 3*f + 48 = 4*f + w*c, -12 = -f + 4*c. Is 24 a factor of (-96)/(-9)*189/f?
True
Suppose -7650 = 29*t - 39*t. Is 45 a factor of t?
True
Suppose -h = -2*h + 2*d + 36, 0 = d + 2. Does 4 divide h + (4 - 16)/3?
True
Suppose 7*f - 11*f + 10092 = 0. Is 29 a factor of f?
True
Let v(f) = f**2 + f + 14. Let z be v(10). Suppose 4*y - 480 = 4*s - 172, -4*s = 5*y - 412. Let c = z - y. Does 19 divide c?
False
Suppose -2*l = 2*m - m - 2782, 4*l + 3*m = 5560. Is 59 a factor of l?
False
Suppose -4*r - 544 = 3*g, -899 = 5*g + 3*r - 4*r. Let k = -92 - g. Suppose -2*c + k - 32 = 0. Is 7 a factor of c?
True
Let d be 4/(2*-6) - 584/12. Let i be (0 - 2)/(4/30). Let z = i - d. Is 7 a factor of z?
False
Suppose -3*m + 11 = -1. Suppose -m*o - 2*w + 2 = 0, 0 = -5*o + w - 4*w. Suppose 4*g + 4*y = 260, -o*y = -g + 37 + 16. Is 18 a factor of g?
False
Let s(u) = 80*u - 3. Let m be s(1). Let k = m - 62. Does 15 divide k?
True
Suppose -2*w - 3*w = 5*u - 1035, 5*w - 1075 = 3*u. Suppose -4*q = z - w, -2*z + 404 = -0*z + 3*q. Does 14 divide z?
True
Let d(v) = v**3 - 5*v**2 - 8*v - 9. Let c be d(-4). Let f = c + 213. Is 23 a factor of f?
True
Suppose -5*n - 2*z = -193, 2*n - n - 3*z = 42. Does 39 divide n?
True
Let c(h) = h**3 - 6*h**2 - 9*h + 2. Let r be c(7). Does 6 divide ((-9)/r)/(8/256)?
True
Let x = -25 - -50. Let u(n) = n**2 - 24*n + 8. Is 33 a factor of u(x)?
True
Let c = -19 - -37. Let t(g) = 17*g + 4*g**2 - g**3 - 4 + 3*g**2 - c*g. Is 12 a factor of t(5)?
False
Let l(m) = m**3 + 12*m**2 + 5*m + 16. Does 2 divide l(-8)?
True
Let p = 635 - 21. Suppose -161 + p = 3*z. Does 15 divide z?
False
Let f(x) = 5 + 5 + 48*x - 5 + 2. Is 5 a factor of f(1)?
True
Suppose -27 = -2*h - 3. Suppose s + h = 5*s. Suppose -s*b + 0*b + 210 = 0. Does 14 divide b?
True
Let f be (-4032)/(-18) + 0 + -1. Suppose 0 = -8*s - 79 + f. Is 5 a factor of s?
False
Let x(c) = 864*c + 108. Does 60 divide x(3)?
True
Suppose r = t + 32, -r + 5*t - 120 = -6*r. Suppose 1028 = 4*g + r. Suppose u = -a + 80, -a + g = 2*a + 5*u. Is a a multiple of 29?
False
Let y = -1040 - -1390. Does 10 divide y?
True
Suppose -301 = -4*f - 2*r + 449, 4*f - 3*r - 775 = 0. Does 11 divide f?
False
Let w(r) be t